
24
What is the highest common factor of 1072218 and 1372?
686
What is the highest common divisor of 1464 and 29524?
244
Calculate the highest common factor of 459 and 79407.
459
Calculate the greatest common factor of 74400 and 75.
75
What is the greatest common divisor of 78 and 18902?
26
Calculate the highest common factor of 110741 and 205.
41
Calculate the greatest common factor of 55 and 1465.
5
Calculate the greatest common factor of 71 and 650147.
71
What is the greatest common divisor of 225 and 1056425?
25
What is the highest common factor of 16995 and 1815?
165
Calculate the highest common factor of 447 and 62282.
149
What is the highest common factor of 10 and 73940?
10
Calculate the greatest common factor of 44 and 185438.
22
Calculate the highest common factor of 816648 and 168.
168
Calculate the highest common divisor of 113452 and 27108.
1004
What is the highest common factor of 4095 and 4011735?
1365
Calculate the greatest common divisor of 2147895 and 315.
45
What is the greatest common divisor of 416 and 7328?
32
Calculate the highest common divisor of 851 and 83324.
37
What is the greatest common factor of 74500 and 36300?
100
What is the greatest common factor of 15983 and 143?
11
Calculate the greatest common divisor of 38448 and 548240.
1424
What is the greatest common divisor of 15457 and 65?
13
Calculate the highest common factor of 40 and 810920.
40
What is the greatest common divisor of 18 and 9603?
9
Calculate the greatest common factor of 34008 and 276.
12
What is the greatest common factor of 280 and 5120?
40
Calculate the greatest common factor of 4745 and 50005.
365
What is the greatest common divisor of 3310 and 1690?
10
What is the highest common divisor of 444285 and 216?
27
What is the greatest common divisor of 88 and 27016?
88
Calculate the greatest common divisor of 744 and 85002.
186
Calculate the greatest common divisor of 763 and 56.
7
What is the greatest common divisor of 11475 and 14607?
27
Calculate the greatest common factor of 341710 and 120.
10
What is the greatest common factor of 738 and 11961?
9
Calculate the greatest common divisor of 969 and 2508.
57
What is the greatest common divisor of 5515 and 10?
5
Calculate the highest common factor of 1056 and 62128.
176
Calculate the greatest common factor of 2182 and 3522839.
1091
What is the highest common factor of 14820 and 24?
12
What is the greatest common divisor of 6775 and 3?
1
What is the highest common factor of 29234 and 10810?
94
Calculate the greatest common factor of 37436 and 2483.
191
What is the highest common factor of 270477 and 615?
123
Calculate the highest common factor of 1016620 and 100.
20
Calculate the highest common factor of 542412 and 1404.
468
What is the greatest common factor of 9306 and 10998?
846
Calculate the greatest common factor of 22352 and 1936.
176
Calculate the greatest common divisor of 2420 and 3920.
20
Calculate the highest common divisor of 104 and 2451566.
26
Calculate the highest common factor of 28352 and 64.
64
What is the highest common divisor of 2194 and 415763?
1097
What is the highest common divisor of 126635 and 310?
155
Calculate the greatest common factor of 383432 and 13776.
2296
What is the highest common divisor of 69 and 13317?
69
Calculate the greatest common divisor of 13 and 630734.
13
Calculate the greatest common divisor of 5590 and 26617.
43
Calculate the greatest common divisor of 19868 and 8.
4
Calculate the greatest common divisor of 310 and 69595.
155
Calculate the highest common divisor of 623 and 139314.
7
Calculate the greatest common factor of 3920 and 260.
20
What is the highest common factor of 30284 and 4288?
268
What is the greatest common divisor of 3315 and 8190?
195
What is the greatest common factor of 142524 and 1628?
148
What is the highest common divisor of 1590 and 14730?
30
What is the highest common factor of 1520 and 1900?
380
Calculate the highest common divisor of 966 and 5712.
42
Calculate the greatest common factor of 705 and 2715.
15
Calculate the greatest common divisor of 17350 and 1025.
25
Calculate the greatest common factor of 47036 and 110.
22
What is the highest common factor of 1809 and 4401?
27
Calculate the highest common factor of 101291 and 8756.
199
What is the greatest common factor of 3873 and 1625369?
1291
Calculate the highest common divisor of 55671 and 441.
21
Calculate the highest common factor of 176 and 464.
16
What is the greatest common divisor of 48498 and 1233?
411
What is the greatest common factor of 552 and 286672?
184
What is the highest common divisor of 10278 and 3636?
18
What is the highest common factor of 384 and 672?
96
Calculate the highest common divisor of 465400 and 27300.
1300
What is the highest common factor of 3360 and 4116?
84
Calculate the greatest common factor of 15120 and 66096.
432
Calculate the highest common factor of 2147456 and 1976.
152
Calculate the greatest common divisor of 5781 and 205.
41
Calculate the highest common factor of 3552 and 55611.
111
Calculate the greatest common factor of 28644 and 60109.
217
Calculate the greatest common divisor of 3819 and 2793.
57
Calculate the greatest common divisor of 440 and 38830.
110
What is the greatest common factor of 882 and 30546?
18
Calculate the greatest common factor of 23147 and 47759.
293
Calculate the greatest common divisor of 32 and 9740.
4
Calculate the greatest common factor of 162640 and 180.
20
Calculate the greatest common factor of 397 and 957167.
397
What is the highest common factor of 13777 and 460?
23
What is the highest common factor of 6598 and 2?
2
Calculate the highest common factor of 160 and 23930.
10
Calculate the highest common divisor of 29835 and 34.
17
Calculate the highest common factor of 1348855 and 2525.
505
Calculate the greatest common divisor of 12118 and 55918.
146
What is the greatest common factor of 50526 and 4?
2
What is the highest common divisor of 908557 and 6721?
611
Calculate the greatest common factor of 19 and 140923.
19
What is the greatest common factor of 3419 and 2899?
13
What is the highest common divisor of 139535 and 172?
43
What is the highest common divisor of 14986712 and 104?
104
Calculate the greatest common divisor of 972287 and 8322.
1387
What is the greatest common divisor of 29624 and 1596?
28
What is the highest common factor of 2852073 and 42?
21
Calculate the highest common factor of 351 and 4368.
39
Calculate the highest common factor of 1695276 and 5049.
297
What is the highest common divisor of 5818431 and 753?
753
What is the highest common divisor of 7075 and 425?
25
Calculate the highest common divisor of 2486138 and 62.
62
Calculate the highest common factor of 1262697 and 3.
3
Calculate the highest common factor of 21 and 17335101.
21
Calculate the greatest common divisor of 5800 and 23635.
145
What is the greatest common factor of 20960 and 2260?
20
Calculate the greatest common divisor of 419380 and 13520.
260
Calculate the greatest common divisor of 14596 and 182628.
356
Calculate the greatest common factor of 320227 and 206.
103
What is the greatest common divisor of 498 and 534354?
498
Calculate the highest common factor of 224885 and 205.
205
What is the highest common factor of 51614 and 1703?
131
Calculate the highest common factor of 68094 and 390.
78
Calculate the highest common divisor of 110 and 1352615.
55
Calculate the greatest common divisor of 2068 and 122529.
517
What is the greatest common factor of 6 and 12990?
6
What is the greatest common divisor of 1199600 and 100?
100
Calculate the greatest common divisor of 127824 and 9.
3
Calculate the greatest common divisor of 280687 and 17.
17
Calculate the greatest common divisor of 9088 and 55948.
284
What is the greatest common factor of 1471704 and 424?
424
Calculate the greatest common factor of 1066 and 1685346.
1066
What is the greatest common divisor of 528 and 86160?
48
Calculate the highest common factor of 5143 and 629.
37
What is the highest common factor of 71638 and 4?
2
Calculate the highest common factor of 22 and 48642.
22
What is the highest common factor of 326188 and 5?
1
Calculate the highest common factor of 226 and 451322.
226
What is the greatest common divisor of 108 and 1228?
4
Calculat